ctors of 82715353.
7, 17, 695087
What are the prime factors of 2128946853?
3, 11, 41, 1573501
List the prime factors of 101368003.
11, 1201, 7673
List the prime factors of 3249085.
5, 7, 92831
List the prime factors of 888306230.
2, 5, 7, 23, 551743
List the prime factors of 84744453.
3, 1571, 17981
What are the prime factors of 258298969?
17, 29, 179, 2927
What are the prime factors of 2555139773?
11287, 226379
List the prime factors of 670420099.
103, 1033, 6301
What are the prime factors of 26623155?
3, 5, 13, 311, 439
List the prime factors of 26969184.
2, 3, 11, 8513
List the prime factors of 23876661.
3, 71, 112097
List the prime factors of 27804276.
2, 3, 257447
List the prime factors of 343124882.
2, 10037, 17093
List the prime factors of 49856931.
3, 19, 97187
What are the prime factors of 70853629?
7, 11, 157, 5861
List the prime factors of 200904666.
2, 3, 33484111
What are the prime factors of 59624546?
2, 19, 421, 3727
List the prime factors of 96178611.
3, 32059537
List the prime factors of 4314683023.
7, 616383289
List the prime factors of 445610455.
5, 89122091
What are the prime factors of 213384242?
2, 106692121
List the prime factors of 21015865.
5, 13, 29, 11149
List the prime factors of 21508006.
2, 13, 827231
List the prime factors of 368504826.
2, 3, 61417471
List the prime factors of 348143402.
2, 271, 503, 1277
What are the prime factors of 16303785?
3, 5, 1086919
List the prime factors of 345063139.
31, 11131069
List the prime factors of 102602737.
131, 783227
List the prime factors of 53191047.
3, 7, 13, 194839
List the prime factors of 2529887290.
2, 5, 7, 36141247
List the prime factors of 1352200259.
701, 1928959
List the prime factors of 24290930.
2, 5, 19, 173, 739
What are the prime factors of 23623550?
2, 5, 31, 15241
List the prime factors of 4466823674.
2, 14347, 155671
What are the prime factors of 481493759?
481493759
What are the prime factors of 6045986091?
3, 29, 8009, 8677
What are the prime factors of 6521931916?
2, 29, 71, 349, 2269
What are the prime factors of 1944928626?
2, 3, 173, 1873727
What are the prime factors of 2559898604?
2, 639974651
What are the prime factors of 156989158?
2, 3089, 25411
List the prime factors of 929918447.
37, 1193, 21067
What are the prime factors of 36254398?
2, 18127199
What are the prime factors of 1070291750?
2, 5, 11, 89, 4373
What are the prime factors of 416172808?
2, 19, 2737979
What are the prime factors of 1438607605?
5, 139, 739, 2801
List the prime factors of 1458606591.
3, 13, 29, 429887
What are the prime factors of 116380187?
7, 11, 19, 79549
List the prime factors of 1140538881.
3, 23, 16529549
List the prime factors of 4658905357.
37, 619, 203419
What are the prime factors of 40607561?
67, 606083
List the prime factors of 332036173.
7, 47433739
List the prime factors of 1371577166.
2, 685788583
List the prime factors of 75005197.
5623, 13339
List the prime factors of 287836683.
3, 1777, 53993
List the prime factors of 164528789.
164528789
What are the prime factors of 534203964?
2, 3, 7, 43, 16433
List the prime factors of 74472587.
7, 281, 37861
What are the prime factors of 125180183?
125180183
What are the prime factors of 212417596?
2, 787, 67477
What are the prime factors of 8120074?
2, 4060037
List the prime factors of 2047732527.
3, 23, 29677283
What are the prime factors of 821260721?
821260721
List the prime factors of 5992902977.
23, 701, 371699
List the prime factors of 2962599481.
1483, 1997707
List the prime factors of 4449987825.
3, 5, 59333171
What are the prime factors of 30648380?
2, 5, 7, 179, 1223
What are the prime factors of 144437309?
23, 271, 23173
List the prime factors of 302382554.
2, 151191277
List the prime factors of 486948401.
643, 757307
What are the prime factors of 4790771587?
7, 19, 36020839
List the prime factors of 37869514.
2, 18934757
List the prime factors of 31838350.
2, 5, 151, 4217
List the prime factors of 2396042168.
2, 13, 509, 45263
List the prime factors of 299594227.
71, 83, 50839
List the prime factors of 73327698.
2, 3, 17, 239633
List the prime factors of 1326460488.
2, 3, 31, 263, 6779
What are the prime factors of 3310562727?
3, 367840303
What are the prime factors of 58127289?
3, 11, 19, 92707
What are the prime factors of 839351928?
2, 3, 563, 62119
What are the prime factors of 606912523?
7, 23, 79, 47717
What are the prime factors of 35202193?
13, 19, 577
What are the prime factors of 74270432?
2, 569, 4079
What are the prime factors of 858761769?
3, 41, 47, 148549
What are the prime factors of 68430796?
2, 7, 23, 59, 1801
What are the prime factors of 72554698?
2, 257, 141157
List the prime factors of 363217051.
5849, 62099
List the prime factors of 221889906.
2, 3, 7, 53, 149, 223
What are the prime factors of 63754493?
11, 2357, 2459
List the prime factors of 3194850494.
2, 11, 17, 19, 53, 499
List the prime factors of 113070361.
31, 3647431
List the prime factors of 5065890020.
2, 5, 12149, 20849
List the prime factors of 2609923176.
2, 3, 7, 5178419
List the prime factors of 113534437.
113534437
What are the prime factors of 1491043287?
3, 23, 157, 137639
List the prime factors of 4384321636.
2, 1096080409
List the prime factors of 194245401.
3, 7, 9249781
List the prime factors of 1477116521.
43, 34351547
What are the prime factors of 288199564?
2, 29, 233, 10663
List the prime factors of 103328405.
5, 41, 67, 7523
What are the prime factors of 365165607?
3, 47, 293, 8839
List the prime factors of 905744374.
2, 15439, 29333
What are the prime factors of 111016643?
41, 809, 3347
List the prime factors of 241436754.
2, 3, 13, 17, 20231
List the prime factors of 182999589.
3, 71, 577, 1489
List the prime factors of 32428902.
2, 3, 11, 29, 16943
List the prime factors of 39407124.
2, 3, 3283927
What are the prime factors of 753114627?
3, 83679403
List the prime factors of 447493503.
3, 37, 4031473
List the prime factors of 932167237.
109, 8551993
What are the prime factors of 43692168?
2, 3, 13, 131, 1069
What are the prime factors of 77873167?
641, 121487
List the prime factors of 76316644.
2, 37, 515653
What are the prime factors of 312016431?
3, 2909, 35753
What are the prime factors of 17254826?
2, 29, 61, 4877
What are the prime factors of 126359667?
3, 7, 109, 18401
What are the prime factors of 309480659?
1783, 173573
List the prime factors of 63333251.
19, 53, 109, 577
List the prime factors of 177255244.
2, 44313811
What are the prime factors of 2119838337?
3, 78512531
List the prime factors of 2319833704.
2, 557, 520609
List the prime factors of 3942096181.
593, 6647717
What are the prime factors of 14345950?
2, 5, 19, 15101
What are the prime factors of 56405615?
5, 7, 230227
List the prime factors of 233120447.
7, 53, 628357
What are the prime factors of 805853547?
3, 89539283
What are the prime factors of 395108045?
5, 67, 1179427
What are the prime factors of 319448518?
2, 23, 829, 8377
List the prime factors of 6222732.
2, 3, 61, 8501
List the prime factors of 1683485802.
2, 3, 31175663
What are the prime factors of 6125069579?
23, 266307373
List the prime factors of 2944682628.
2, 3, 1279, 191861
List the prime factors of 1269701134.
2, 13, 17, 733, 3919
List the prime factors of 1240715220.
2, 3, 5, 23, 899069
What are the prime factors of 248022130?
2, 5, 641, 38693
List the prime factors of 201108494.
2, 71, 89, 15913
What are the prime factors of 43164605?
5, 11, 647, 1213
What are the prime factors of 104785007?
61, 1717787
List the prime factors of 267754777.
17, 263, 59887
List the prime factors of 2250351051.
3, 13, 19, 41, 74071
What are the prime factors of 707792705?
5, 17, 29, 287137
What are the prime factors of 708056624?
2, 11, 4023049
List the prime factors of 2485577091.
3, 1093, 758029
What are the prime factors of 82759564?
2, 20689891
What are the prime factors of 2285031753?
3, 253892417
List the prime factors of 49786675.
5, 61, 32647
What are the prime factors of 153913415?
5, 103, 298861
List the prime factors of 2626249948.
2, 7, 6883, 13627
What are the prime factors of 49694093?
73, 181, 3761
List the prime factors of 421064447.
421064447
What are the prime factors of 18200941?
11, 359, 419
What are the prime factors of 33131517?
3, 1069, 10331
W